e g(-4).
9
Let r(w) = w**2 - 7*w - 9. Calculate r(-7).
89
Let q(z) = z**3 - 6*z**2 - 7*z + 10. Determine q(6).
-32
Let t(a) = -a**3 - 35*a**2 + 36*a + 41. Give t(-36).
41
Let w(l) = -l**3 + 15*l**2 + 17*l - 10. Give w(16).
6
Let z(j) = -8*j + 2. Give z(-3).
26
Let u(m) = -m**3 - 8*m**2 + 5*m - 16. Give u(-9).
20
Let q(m) = 17*m - 23. Determine q(1).
-6
Let n(x) = x + 11. Determine n(3).
14
Let l(p) = 7*p + 25. What is l(-6)?
-17
Let c(w) = w**2 - 17*w + 19. Calculate c(17).
19
Let v(p) = -p**3 - 18*p**2 + p + 12. Determine v(-18).
-6
Let t(k) = -8*k**3 + 2*k**2 - 4*k + 3. Determine t(1).
-7
Let y(c) = -9*c - 24. What is y(-6)?
30
Let g(x) = -113*x**2 + 452*x + 1. Give g(4).
1
Let f(i) = -13*i + 1. Calculate f(-1).
14
Let m(r) = r**2 - 32*r + 1. What is m(32)?
1
Let n(q) = q - 2. Give n(5).
3
Let y(k) = k**2 - 51*k + 5. Calculate y(0).
5
Let q(k) = -3*k + 7. Determine q(7).
-14
Let x(f) = -f - 7. Calculate x(-6).
-1
Let d(b) = b**3 + 26*b**2 + 5. Determine d(-26).
5
Let c(h) = 6*h**3 - h. Determine c(-1).
-5
Let k(s) = -48*s + 1. Determine k(1).
-47
Let r(z) = 10*z + 6. Give r(-2).
-14
Let f(i) = i**2 + 10*i + 20. Give f(-8).
4
Let x(z) = -z**3 - 6*z**2 + 3*z + 3. Give x(-5).
-37
Let c(q) = -4*q + 4. Calculate c(7).
-24
Let j(i) = 3*i + 15. Give j(-6).
-3
Let j(q) = -3*q**2 + 10*q - 6. Determine j(2).
2
Let x(l) = -20*l**3 + 2*l**2 + l + 2. Determine x(-1).
23
Let f(m) = -m**2 - 10*m + 13. Give f(-9).
22
Let x(h) = 8*h - 33. Determine x(14).
79
Let l(v) = v**2 + 6*v - 4. Calculate l(-4).
-12
Let o(x) = 35*x + 1. Determine o(-1).
-34
Let p(n) = -15*n - 110. Calculate p(-7).
-5
Let k(n) = -2*n**2 - 6*n + 3. What is k(-4)?
-5
Let v(g) = -19*g + 2. Calculate v(-1).
21
Let v(k) = 2*k**2 - 8*k + 6. Determine v(3).
0
Let m(b) = 41*b + 15. Give m(0).
15
Let w(y) = y**3 - 7*y**2 + 3*y - 5. Give w(6).
-23
Let g(n) = 6*n**2 + 2*n - 9. Determine g(-4).
79
Let c(q) = -q**3 - 4*q**2 - 8. Give c(-4).
-8
Let n(v) = 15*v - 1. Calculate n(-1).
-16
Let i(u) = -u**3 - 7*u**2 + 5*u - 7. Give i(-8).
17
Let k(r) = -2*r**3 - 7*r**2 + 2*r + 6. What is k(-4)?
14
Let u(r) = r**3 + r**2 - 3*r + 7. What is u(0)?
7
Let a(t) = t**3 - 2*t**2 - 6*t + 5. Determine a(4).
13
Let v(x) = -4*x**2 + 20*x - 27. What is v(4)?
-11
Let k(y) = y**3 - 12*y**2 - 8*y + 1. What is k(13)?
66
Let j(g) = -10*g**3 + 2*g**2 + 2*g - 2. Determine j(1).
-8
Let b(m) = m**2 - 13*m - 56. Determine b(17).
12
Let x(d) = -13*d + 225. Calculate x(17).
4
Let r(w) = w + 8. What is r(-7)?
1
Let q(n) = n - 36. Determine q(-11).
-47
Let o(b) = b**3 - 19*b**2 + 18*b + 1. Determine o(18).
1
Let i(b) = b**3 - 3*b**2 + 2*b - 7. Give i(5).
53
Let n(l) = -l**3 + 4*l**2 + 11. What is n(4)?
11
Let z(l) = -l**3 + 3*l**2 + 2. Determine z(4).
-14
Let p(o) = -o**2 + 17*o. Determine p(8).
72
Let b(z) = 3*z - 16. Give b(13).
23
Let h(y) = -10*y + 5. What is h(2)?
-15
Let b(r) = 21*r - 33. Give b(6).
93
Let h(t) = t**3 - 2*t**2 - 3. What is h(-2)?
-19
Let n(u) = 2*u**2 - 2*u - 5. Calculate n(4).
19
Let n(d) = d**3 + 4*d**2 + d + 1. Calculate n(-4).
-3
Let h(s) = -2*s - 23. Give h(-7).
-9
Let j(z) = -6*z + 103. Give j(18).
-5
Let p(z) = z**2 - 37*z - 39. Give p(38).
-1
Let v(q) = -q**3 - 7*q**2 + 5*q + 4. What is v(-7)?
-31
Let q(a) = 2*a**3 - 2*a**2 + a - 8. Give q(0).
-8
Let t(x) = -x**3 + 6*x**2 - 9*x + 55. What is t(6)?
1
Let r(x) = x**3 - 4*x**2 + 5*x - 5. What is r(4)?
15
Let d(p) = 2*p**3 - 9*p**2 + 4*p + 7. Calculate d(4).
7
Let h(v) = v**3 + 7*v**2 - 19*v - 8. Give h(-9).
1
Let w(d) = -d**3 + 2*d**2 - 4. What is w(3)?
-13
Let b(q) = -5*q**3 + q**2 + 28*q + 51. Give b(-2).
39
Let k(i) = i**2 + i - 58. What is k(0)?
-58
Let v(r) = 38*r - 3. Give v(-1).
-41
Let y(u) = -u**3 + 9*u**2 + 21*u + 29. Give y(12).
-151
Let l(y) = y**3 - 12*y**2 + 18*y - 4. What is l(10)?
-24
Let u(r) = -r**3 - 10*r**2 + 3*r - 39. Determine u(-10).
-69
Let v(o) = 2*o**3 - 9*o**2 - 35*o. Give v(7).
0
Let i(g) = -2*g - 6. What is i(5)?
-16
Let a(p) = p**3 + 17*p**2 + 39*p - 30. Give a(-14).
12
Let u(n) = -2*n**3 - 12*n**2 - 3*n - 5. Determine u(-6).
13
Let d(h) = h**2 - 35*h + 60. Determine d(28).
-136
Let m(s) = 2*s + 33. Determine m(-23).
-13
Let j(k) = k - 28. Determine j(17).
-11
Let v(i) = -i - 19. Calculate v(6).
-25
Let w(k) = 6*k - 2. Calculate w(3).
16
Let j(n) = -n**3 + 6*n**2 - 9*n + 15. Give j(4).
11
Let x(a) = -2*a**2 - 14*a - 1. Calculate x(-9).
-37
Let o(w) = w + 9. What is o(-1)?
8
Let y(q) = -16*q - 21. Give y(-7).
91
Let n(z) = -z**3 - 17*z**2 - 16*z - 10. Determine n(-16).
-10
Let a(c) = 3*c - 12. What is a(12)?
24
Let u(t) = 3*t**2 - 39*t - 13. Give u(13).
-13
Let t(f) = f**3 + 11*f**2 + 6*f + 13. Give t(-10).
53
Let q(k) = -k**3 + 11*k**2 - 13*k. What is q(10)?
-30
Let k(r) = r - 5. Determine k(5).
0
Let p(m) = m**3 + 2*m**2 - 2*m - 3. Calculate p(-3).
-6
Let s(d) = 20*d + 40. Give s(-5).
-60
Let m(a) = -2*a**3 + a**2 - 2*a + 1. Give m(3).
-50
Let s(o) = o**3 + 69*o**2 - 71*o - 72. Calculate s(-70).
-2
Let n(g) = -12*g - 3. Calculate n(4).
-51
Let m(d) = d**2 + 10*d + 9. What is m(-10)?
9
Let l(d) = -5*d**2 - 49*d - 22. What is l(-9)?
14
Let f(b) = -b**3 - 3*b**2 - b - 2. What is f(-2)?
-4
Let g(j) = 7*j - 111. Give g(20).
29
Let c(v) = -v**2 + 6*v + 10. Determine c(10).
-30
Let y(j) = 2*j**3 - 29*j**2 - 14*j - 13. Give y(15).
2
Let x(q) = 5*q - 1. Give x(1).
4
Let f(g) = -4*g - 22. What is f(-5)?
-2
Let m(b) = -b**2 + 21*b - 20. What is m(17)?
48
Let d(i) = -3*i**2 - i + 2. What is d(-2)?
-8
Let q(t) = -t**2 - 153*t - 598. Determine q(-4).
-2
Let i(z) = -z**3 - 14*z**2 - 10*z - 27. Give i(-14).
113
Let z(l) = -2*l**2 - 8*l + 8. What is z(-4)?
8
Let s(i) = i**3 + 4*i**2 + 4*i + 7. What is s(-5)?
-38
Let a(f) = -f**3 - 2*f**2 + 4*f - 1. Determine a(2).
-9
Let c(r) = -r**2 - 4*r - 7. What is c(-3)?
-4
Let l(j) = -15*j + 90. Give l(6).
0
Let w(r) = -r**2 - 27*r - 23. What is w(-26)?
3
Let y(p) = -148*p + 6. What is y(-1)?
154
Let x(s) = s**2 - 15*s + 40. What is x(9)?
-14
Let y(z) = -z**3 + z + 90. What is y(0)?
90
Let w(t) = -21*t + 122. Determine w(6).
-4
Let v(w) = -w**3 - 7*w**2 + 7*w + 6. Determine v(-9).
105
Let d(y) = 48*y**3 + y. Calculate d(-1).
-49
Let t(i) = i**3 + 15*i**2 + 27*i + 16. Calculate t(-13).
3
Let p(x) = x**3 - 10*x**2 - 40*x + 3. Give p(-3).
6
Let l(w) = 2*w**2 + 21*w + 22. Determine l(-9).
-5
Let i(m) = -2*m + 38. Determine i(23).
-8
Let w(v) = 2*v**2 - 7*v + 1. Determine w(4).
5
Let f(n) = 10*n + 245. Give f(-24).
5
Let r(l) = -9*l. What is r(-1)?
9
Let f(z) = -7*z + 2. What is f(1)?
-5
Let r(s) = -s**3 - 7*s**2 + 5*s - 5. Give r(-7).
-40
Let d(w) = w**3 + 4*w**2 + 5*w + 8. Give d(-3).
2
Let m(q) = 4*q + 43. Calculate m(-16).
-21
Let r(g) = 13*g - 2. What is r(2)?
24
Let r(l) = 6*l + 9. Give r(-2).
-3
Let w(p) = -p**3 - 8*p**2 + 14*p + 22. What is w(-9)?
-23
Let c(i) = 2*i**2 + 4*i - 12. What is c(4)?
36
Let u(p) = p**3 - 2*p**2 - 1. Determine u(4).
31
Let f(a) = -6*a**3 + 3*a**2 - a + 1. What is f(3)?
-137
Let t(s) = s**3 + 13*s**2 + 12*s + 4. Calculate t(-12).
4
Let u(s) = -s**3 + 14*s**2 - 3*s + 41. Give u(14).
-1
Let d(w) = w**3 + 6*w**2 + 6*w + 1. Determine d(-6).
-35
Let q(l) = -l**3 - l**2 + l - 2. Give q(0).
-2
Let d(v) = v**3 - 6*v**2 - 6*v - 17. Calculate d(7).
-10
Let j(z) = -z**2 + 33*z - 238. Give j(11).
4
Let c(k) = -k**3 + 10*k**2 + 24*k + 7. What is c(12)?
7
Let f(j) = 3*j + 11. What is f(-10)?
-19
Let b(h) = -h**3 - 30*h**2 + 66*h + 48. What is b(-32)?
-16
Let q(u) = -u**2 + 6*u - 9. Determine q(6).
-9
Let c(w) = 2*w - 39. Determine c(10).
-19
Let a(j) = j**3 + 4*j**2 - 9*j + 8. What is a(-6)?
-10
Let d(t) = -t**3 - 3*t**2 + t + 1. Determine d(1).
-2
Let i(k) = k**3 + 2*k**2 - 4*k + 5. Give i(2).
13
Let t(c) = c**2 - 7*c - 17. Calculate t(-2).
1
Let y(u) = 5*u**2 - 6*u + 6. Determine y(1).
5
Let n(o) = -o**3 - 6*o**2 - 2*o - 14. Calculate n(-6).
-2
Let u(k) = -3*k + 25. Give u(12).
-11
Let a(c) = c**3 + 3*c**2 - 2*c + 10. Determine a(-4).
2
Let i(a) = -a**2 + 2. Give i(3).
-7
Let m(i) = -i**3 - 3. Calculate m(-3).
24
Let b(p) = -2*p - 13. Calculate b(-6).
-1
Let y(s) = -6*s - 59. What is y(-12)?
13
Let a(t) = -3*t - 13. Give a(-10).
17
Let b(y) = y + 8. What is b(-4)?
4
Let f(m) = -m**3 + 5*m**2 - 6*m + 1. What is f(3)?
1
Let c(g) = -g**2 + 10*g + 11. Determine c(10).
11
Let h(n) = -